eatest common divisor of 134 and 9782.
134
What is the highest common factor of 100 and 260?
20
What is the highest common factor of 2197 and 507?
169
What is the greatest common factor of 27 and 4509?
27
Calculate the highest common factor of 2106 and 972.
162
What is the highest common divisor of 144 and 18?
18
Calculate the highest common divisor of 123 and 205.
41
Calculate the greatest common divisor of 264 and 3372.
12
Calculate the greatest common divisor of 12 and 306.
6
Calculate the greatest common factor of 105 and 122220.
105
What is the highest common factor of 29977 and 31?
31
Calculate the highest common divisor of 2 and 1.
1
What is the highest common factor of 136 and 17?
17
What is the highest common factor of 1846 and 3408?
142
What is the highest common divisor of 799 and 170?
17
What is the highest common factor of 69 and 12581?
23
Calculate the greatest common factor of 3528 and 144.
72
What is the highest common divisor of 391 and 34?
17
What is the greatest common factor of 324 and 135?
27
Calculate the highest common divisor of 1380 and 60.
60
What is the highest common divisor of 24 and 600?
24
What is the greatest common divisor of 384 and 6?
6
What is the greatest common factor of 24 and 1836?
12
What is the highest common factor of 492 and 12?
12
What is the greatest common divisor of 120 and 3480?
120
Calculate the greatest common divisor of 69 and 2139.
69
What is the highest common factor of 301 and 203?
7
What is the highest common divisor of 4 and 24392?
4
What is the highest common divisor of 125 and 200?
25
What is the greatest common factor of 97 and 5626?
97
What is the greatest common divisor of 156 and 1020?
12
What is the highest common factor of 435 and 3741?
87
Calculate the greatest common divisor of 264 and 198.
66
Calculate the greatest common divisor of 1190 and 30.
10
What is the greatest common factor of 219 and 803?
73
Calculate the highest common divisor of 18 and 288.
18
What is the greatest common factor of 27 and 111?
3
Calculate the greatest common factor of 112 and 574.
14
Calculate the greatest common factor of 70 and 5.
5
What is the highest common factor of 38 and 1?
1
Calculate the greatest common divisor of 770 and 3430.
70
Calculate the highest common factor of 60 and 36.
12
Calculate the highest common factor of 434 and 2046.
62
Calculate the greatest common divisor of 11350 and 50.
50
What is the highest common divisor of 354 and 26?
2
What is the greatest common divisor of 736 and 3496?
184
What is the highest common factor of 804 and 2881?
67
What is the greatest common divisor of 1323 and 7?
7
Calculate the greatest common factor of 1518 and 92.
46
Calculate the highest common divisor of 1659 and 4740.
237
What is the greatest common factor of 1908 and 516?
12
What is the greatest common divisor of 45 and 5?
5
Calculate the greatest common divisor of 5 and 25.
5
What is the highest common factor of 84 and 7476?
84
Calculate the highest common factor of 31 and 32271.
31
What is the highest common divisor of 22 and 88?
22
What is the greatest common divisor of 56 and 42?
14
What is the highest common divisor of 196 and 287?
7
What is the highest common divisor of 737 and 11?
11
What is the highest common divisor of 192 and 72?
24
Calculate the highest common factor of 62 and 48794.
62
What is the highest common factor of 513 and 76?
19
What is the greatest common factor of 629 and 17?
17
Calculate the highest common divisor of 75 and 1275.
75
Calculate the greatest common divisor of 29 and 261.
29
What is the greatest common factor of 48 and 13968?
48
Calculate the highest common divisor of 418 and 266.
38
Calculate the greatest common divisor of 42 and 406.
14
Calculate the greatest common divisor of 700 and 52.
4
Calculate the highest common factor of 116 and 8.
4
Calculate the greatest common factor of 85 and 272.
17
Calculate the highest common factor of 5832 and 36.
36
Calculate the greatest common divisor of 56 and 252.
28
Calculate the greatest common factor of 1564 and 170.
34
What is the greatest common divisor of 2856 and 3944?
136
Calculate the greatest common divisor of 2761 and 44.
11
Calculate the highest common divisor of 26 and 26.
26
What is the greatest common factor of 2627 and 37?
37
Calculate the highest common divisor of 16 and 24.
8
What is the highest common divisor of 1421 and 196?
49
Calculate the highest common divisor of 119 and 49.
7
Calculate the greatest common divisor of 3525 and 200.
25
What is the highest common factor of 76 and 95?
19
What is the greatest common divisor of 36 and 24?
12
Calculate the highest common factor of 4361 and 89.
89
What is the greatest common factor of 10 and 755?
5
Calculate the highest common divisor of 15 and 4470.
15
What is the greatest common divisor of 85 and 935?
85
What is the greatest common divisor of 155 and 15?
5
What is the greatest common divisor of 3474 and 36?
18
What is the highest common factor of 3515 and 2405?
185
What is the greatest common factor of 1850 and 40?
10
What is the greatest common divisor of 51 and 1173?
51
What is the highest common divisor of 49 and 56?
7
What is the greatest common factor of 38 and 14?
2
Calculate the highest common divisor of 1074 and 12.
6
Calculate the greatest common factor of 15 and 51.
3
What is the greatest common factor of 637 and 286?
13
What is the greatest common divisor of 180 and 45?
45
What is the greatest common divisor of 72 and 1920?
24
Calculate the highest common factor of 741 and 13.
13
Calculate the greatest common divisor of 456 and 570.
114
Calculate the highest common divisor of 1 and 4.
1
Calculate the highest common divisor of 16613 and 37.
37
What is the greatest common factor of 95 and 38?
19
What is the highest common factor of 2 and 34?
2
What is the highest common factor of 1767 and 31?
31
What is the highest common divisor of 418 and 133?
19
What is the highest common divisor of 95 and 1786?
19
What is the greatest common divisor of 17 and 34?
17
Calculate the highest common factor of 57 and 95.
19
What is the highest common divisor of 380 and 6308?
76
What is the highest common divisor of 12 and 105996?
12
Calculate the greatest common factor of 140 and 2.
2
What is the greatest common divisor of 16 and 2744?
8
Calculate the greatest common divisor of 118 and 59.
59
Calculate the highest common factor of 10 and 640.
10
Calculate the highest common divisor of 660 and 60.
60
Calculate the greatest common factor of 836 and 19.
19
What is the greatest common factor of 5592 and 576?
24
What is the highest common divisor of 196 and 56?
28
Calculate the greatest common divisor of 4307 and 118.
59
What is the highest common factor of 7383 and 428?
107
Calculate the greatest common divisor of 203 and 1160.
29
What is the greatest common divisor of 22 and 242?
22
Calculate the greatest common factor of 208 and 32.
16
What is the highest common factor of 8216 and 104?
104
What is the greatest common factor of 8 and 216?
8
What is the greatest common divisor of 492 and 574?
82
What is the highest common divisor of 12 and 1748?
4
Calculate the highest common divisor of 160 and 32.
32
What is the highest common divisor of 52 and 26?
26
Calculate the greatest common factor of 88 and 2376.
88
What is the highest common divisor of 10 and 18?
2
What is the highest common factor of 225 and 75?
75
Calculate the highest common factor of 273 and 910.
91
What is the greatest common divisor of 170 and 612?
34
Calculate the greatest common divisor of 1189 and 164.
41
What is the greatest common divisor of 308 and 77?
77
What is the highest common factor of 99 and 2519?
11
What is the greatest common factor of 4530 and 190?
10
What is the greatest common divisor of 160 and 32640?
160
Calculate the highest common divisor of 9 and 33.
3
What is the highest common factor of 712 and 89?
89
What is the highest common divisor of 11 and 11?
11
What is the highest common factor of 33 and 363?
33
Calculate the greatest common divisor of 12 and 204.
12
What is the greatest common factor of 12322 and 122?
122
Calculate the highest common factor of 31 and 2077.
31
Calculate the highest common factor of 112 and 196.
28
What is the greatest common factor of 105 and 15